 -3*l. Let x(w) = -4*w + l*w + 12 - 5. Give x(q).
1
Let w(a) = -4*a**2 - 3*a - 6. Let h = -3 - -5. Let y(n) = -2*n**2 - 2*n - 3. Suppose 104*p - 17 + 537 = 0. Let z(g) = h*w(g) + p*y(g). Determine z(-3).
9
Suppose 27*j - 32*j + 60 = 0. Let i be 3*(-3 + 44/j). Let s(o) = -i*o + 4 - 3*o + 3*o + 5*o. Determine s(5).
19
Suppose -131 - 169 = 79*j + 95. Let v(f) = 6 - 2 - 1 + f - 7. What is v(j)?
-9
Suppose -12 = 3*m - 4*t, 2*t = -5*m + t - 20. Let n(w) be the first derivative of 4*w + 4 + 1/2*w**2. Determine n(m).
0
Let c(h) be the second derivative of -1/4*h**4 + 1/2*h**2 + 1/20*h**5 - 2 - h - 1/6*h**3. Let v(l) = l**2 - 2*l. Let q be v(3). Calculate c(q).
-2
Let m(t) = -t**3 + 5*t**2 + t - 1. Suppose -107*k + 337 + 305 = 0. Calculate m(k).
-31
Let i(n) = -n**3 - 3*n - 2. Suppose -10*c = -3*h - 11*c + 2, 3*h = -5*c - 26. Determine i(h).
-38
Suppose 28*i = -26*i + 30*i - 52*i. Let c(k) = -k**3 - 4*k**2 + k + 14. Give c(i).
14
Let o(g) = 13*g + 30*g - 43 + 8*g + 11*g - 68*g. Give o(-6).
-7
Let d be 2*-1 - ((-18)/14 - (-2808)/(-364)). Let t(g) = g**3 - 5*g**2 - 17*g + 18. Determine t(d).
-3
Let r(j) = -2*j**3 + 4*j**2 + 46*j + 92. Let v(n) = -n**3 + n**2 + 20*n + 44. Let y(t) = -4*r(t) + 9*v(t). Give y(-4).
-4
Let u(q) = q**2 - 16*q + 41. Suppose 96 = -31*t + 148 + 227. Calculate u(t).
-22
Let v(h) = 14*h**2 - 295*h + 29. Let a be v(21). Let g(l) = -l**2 + 12*l - 42. Determine g(a).
-10
Let j(g) = 1651*g - 831*g - 824*g + 6. Suppose -7*m + 2*m + 25 = 0. Suppose 3*l - 35 = -m*w, -2*w - 2 + 0 = -2*l. Give j(l).
-14
Suppose 16*c - 107*c = 36*c + 2032. Let g(y) = y**2 + 16*y - 103. Give g(c).
-103
Let w(b) be the second derivative of -b**6/360 - b**5/24 + b**4/6 + 56*b**3/3 - b**2/2 - 43*b. Let v(o) be the second derivative of w(o). What is v(-6)?
-2
Let o be 541638/99 + 2/(-22). Let u(h) = o*h - 5 - 5471*h - h**3 - 3*h**2. Suppose -5*w + j - 23 = 0, -3*j = -5 - 4. What is u(w)?
11
Let f(x) = -2*x - 4. Let y be 1/(-2)*5*748/(-110). Suppose -60*g + y*g + 43 = 0. Give f(g).
-6
Suppose -55*t + 58*t - 6 = 0. Let h(f) = 2*f + 4 + 0 + 0 - 13*f. Let g(o) = -5*o + 2. Let k(v) = 9*g(v) - 4*h(v). Determine k(t).
0
Let j be 69/115 + 148/20. Let k(i) be the first derivative of i**3/3 - 5*i**2 + 11*i - 1. Determine k(j).
-5
Let m(l) = l**2 - 4*l - 7. Let c(n) = -n**3 - 14*n**2 + 16*n + 25. Let g be c(-15). Let d be (g/9)/5 - 284/(-18). Suppose 39 = d*t - 41. What is m(t)?
-2
Suppose 443*w = 435*w + 144. Let u(f) = f + 1. Let j(r) = -14. Let a(t) = j(t) + u(t). Give a(w).
5
Suppose 41 = z + 38. Suppose 5*y = 16*a - 18*a + 14, 3*a = z*y. Let c(d) = 2*d**2 - d - 4. Determine c(a).
2
Let m(i) = 10*i + 11. Let q(y) = -y - 1. Let u(o) = -6*m(o) - 66*q(o). Let n(f) = f**2 + 22*f - 142. Let k be n(-26). Let w = k + 37. Calculate u(w).
-6
Let o(m) = 16*m + 14. Let c(d) = 20*d + 15. Let n(u) = 5*c(u) - 6*o(u). Let p be n(2). Let k(f) = -24*f**3 - f**2 - 2*f. Determine k(p).
25
Suppose -h + 4 + 39 = 0. Let s = 45 - h. Let b(c) = 9*c**3 + 2*c**2 - 18 - 8*c**3 - c**s - 2*c**2 + c. Determine b(0).
-18
Suppose -480*a + 496 + 2384 = 0. Let g(x) = -x**2 + 37*x - 216. What is g(a)?
-30
Let u(v) = 5*v**3 + 35*v**3 - v + 28*v**3 - 28 + 27. What is u(-1)?
-68
Let h = 760 + -757. Let y be -3 - 12/(h - 0). Let u(k) be the first derivative of k**4/4 + 7*k**3/3 - 8*k + 1. Determine u(y).
-8
Let h be (-80)/(-192)*(-3)/(-75). Let d(s) be the third derivative of 1/24*s**4 + 7*s**2 + 0*s - h*s**5 + 2/3*s**3 + 0. What is d(4)?
-8
Let c be (48/10 - 4)*(-15)/(-6). Let i(t) = -1 - 5*t**2 + 3*t**c - 5*t**3 + 0*t - 2*t + 0*t**3 + t**3. Give i(-1).
3
Let j(s) = -4*s - 8. Suppose 5*v - 543*m - 35 = -548*m, m = v - 5. Determine j(v).
-32
Let t(r) = -3*r**2 - 5*r - 6. Suppose -26*h + 33*h = 21*h + 70. Give t(h).
-56
Let h(v) = -1. Let d(t) = t**2 + 13*t + 2. Let b(y) = -d(y) - 6*h(y). Let q = 37163 + -37176. Give b(q).
4
Let i(y) = -5 + 4 - 2*y - y. Let c = 289 - 263. Suppose 16 - c = -3*t + 5*f, t = f. Calculate i(t).
14
Let b be (176/(-24))/(4/(-18)). Let c = b + -77. Let p = -49 - c. Let r(h) = -3*h - 7. Determine r(p).
8
Let o(b) be the first derivative of -16 - 7*b + 5/2*b**2. What is o(5)?
18
Let w be ((-2)/10)/((-20)/100). Suppose w = -12*x - 35. Let f(h) = 2*h**2 + 5*h + 4. Determine f(x).
7
Let b(u) be the third derivative of -u**5/30 + 19*u**4/24 + 133*u**3/6 - 2*u**2 - 29*u. Calculate b(14).
7
Suppose -4 = -y, 0 = -s - 3*y + 5 + 59. Let f be (5 - 1)*(s/8 + -4). Let a(r) = r**3 - 10*r**2 + r - 12. What is a(f)?
-2
Let o(i) = i + 19. Let m be -1*((-2)/(-13) + (-196)/91). Let n = -7 - m. Give o(n).
10
Let o = -7 - -2. Let m = -221 + 224. Let f(s) = -s**3 + 2*s**2 + 2*s + 4. Let c(q) = 2*q**3 - 5. Let k(g) = m*f(g) + 2*c(g). Give k(o).
-3
Let p(a) = 29 + a + 15 + 156613*a**2 - 156614*a**2. Determine p(-6).
2
Let b(t) = 3*t - 3. Suppose -3*l + 5*o + 6 = -5*l, 4*o + 12 = 2*l. Let v(d) = -10*d + 26. Let p be v(l). Determine b(p).
15
Let a(w) = -w**3 + 8*w**2 - 2*w + 9. Suppose -938 = 245*o - 781 - 2117. Calculate a(o).
-7
Let x(d) = -5*d - 5. Let f(v) = -3*v**2 - 12*v + 131. Let i be f(5). Calculate x(i).
15
Let k = -10 + 8. Let q(g) = 3*g - 23. Let f be q(17). Let r(a) = 18 + a**2 - f*a + 30*a - 17. Give r(k).
1
Let i(m) = -14*m - 69. Let v = 1988 - 1993. Give i(v).
1
Let f = -5 - -13. Suppose -4*w = 4*a - f, 0 = -2*w - 3*a + 6 - 3. Suppose w*z - h - 10 = h, h - 28 = -4*z. Let n(m) = -m + 3. Determine n(z).
-3
Let c(z) = 5 - 8*z - 6 - 2*z**2 - 3 + z. Let y(t) = -4*t + 230. Let u be y(-50). Let d = 425 - u. What is c(d)?
-19
Let w(b) = -b**2 - 7*b + 11. Suppose -5*j = 2*u + 35, 0 = -7*u + 4*u + j - 10. Give w(u).
21
Let c(k) = k**2 + 11*k + 25. Let a be c(-10). Let j = 12 - a. Let l be (-1)/6*-9*(1 - j). Let u(p) = p**3 - 6*p**2 - 2*p - 4. Calculate u(l).
-16
Let n(x) = -x**2 + 36*x + 10. Let r(p) = -p**2 + 29*p + 9. Let v(g) = 4*n(g) - 5*r(g). Give v(-6).
37
Let v be (-6)/(-10) - -1*272/(-20). Let i(y) be the third derivative of -y**4/24 - 4*y**3 + 175*y**2. Give i(v).
-11
Let w(p) = 2*p - 13. Suppose -3*a - 3*k + 24 = 0, -8 = 95*a - 93*a - 2*k. Give w(a).
-9
Let d(o) = o**2 + 1. Let i(n) = 19*n**2 - 8*n + 32. Let x be i(-12). Suppose -722 = -14*j - x. Let y = 153 + j. Give d(y).
1
Let d = 209 - 208. Let i(j) = -1 + 11*j**2 + 2422*j - 2422*j. Determine i(d).
10
Suppose -4 - 18 = i + 5*g, 3*i = -3*g - 30. Let a(l) = -19*l + 5*l**2 + 7 + 7*l + 2. Let y(p) = 2*p**2 - 6*p + 5. Let q(x) = i*y(x) + 3*a(x). Give q(-8).
8
Let c(p) = -2*p - 8. Let t(y) = -5*y - 12. Let n(j) = 7*c(j) - 3*t(j). Let f be n(13). Let x(o) = -2*o - 1. Give x(f).
13
Let l(o) = -4*o - 4. Let n = -70 - -72. Suppose 4*u + 5*a - 8 = 0, 0*a - 1 = 3*u + n*a. Determine l(u).
8
Suppose 41 = -10*g + 201. Suppose -g*h + 42 + 22 = 0. Let k(z) = -z**2 + 6*z - 7. Give k(h).
1
Let b(x) be the first derivative of -x**2 - x + 506. Suppose 3*y - 9 + 0 = 0. What is b(y)?
-7
Let g(l) = -18*l**2 + 3*l - 2. Let j be 39 + -63 - 200/(-8). Calculate g(j).
-17
Suppose 24*h - 26*h = r - 64, 3*h + 4*r = 111. Let u(c) = -2*c**2 + 64*c - 182. Calculate u(h).
-8
Let r = -263 + 106. Let b = r + 163. Let t(g) = -g**3 + 7*g**2 - 5*g + 2. What is t(b)?
8
Let z(y) = 5*y + 74. Let p be z(-15). Let c(q) = -2. Let f(k) = k - 3. Let b(a) = p*f(a) + 2*c(a). Calculate b(5).
-6
Let h(f) = f**3 - f**2 - 3*f + 1. Suppose 0 = -4*l - 5*j - 134, -30 = 4*l + 4*j + 106. Let z = 38 + l. Suppose -3*g = -z*o - 7*g - 4, -g - 4 = -o. What is h(o)?
-1
Let a(d) = 5*d**2 - 16*d - 25. Let k(u) be the third derivative of 17*u**5/60 - 49*u**4/24 - 38*u**3/3 - 12*u**2 + 9. Let z(l) = 7*a(l) - 2*k(l). What is z(16)?
9
Suppose -14*c + 757 - 344 = 301. Let x(s) = s**2 - 13*s + 17. What is x(c)?
-23
Let i(z) be the first derivative of -17*z**4/2 + 2*z**3/3 + 2*z**2 + 2*z + 2400. Determine i(-1).
34
Let p = -41491 - -41481. Let i be (5 + -1)*(-13)/(-4). Let v(q) = -q**2 + 3 - 12*q - i - 1. What is v(p)?
9
Let l be 1 - 10 - (-24 + (31 - 25)). Let t(w) = 11*w - 122. Calculate t(l).
-23
Let m(v) = -187 - 188 + 0*v**2 - 186 - 2*v**2 + 560 + 2*v**3. What is m(-3)?
-73
Let f(y) be the first derivative of -18 + 0*y + 15*y**2 + 1/12*y**4 - 5/6*y**3. Let g(h) be the second derivative of f(h). Give g(6).
7
Let c(q) be the second derivative of q**5/20 - q**4/4 - 11*q**3/6 + 4*q**2 + 30*q. Let t be c(5).